{"id":2437,"date":"2015-05-02T15:34:35","date_gmt":"2015-05-02T13:34:35","guid":{"rendered":"http:\/\/qantumthemes.com\/demo\/onair\/?page_id=2437"},"modified":"2025-03-14T14:49:29","modified_gmt":"2025-03-14T14:49:29","slug":"team-members","status":"publish","type":"page","link":"https:\/\/romance995.com\/?page_id=2437","title":{"rendered":"Team Members"},"content":{"rendered":"\t\t<div data-elementor-type=\"wp-page\" data-elementor-id=\"2437\" class=\"elementor elementor-2437\">\n\t\t\t\t\t\t<section class=\"elementor-section elementor-top-section elementor-element elementor-element-522624d elementor-section-boxed elementor-section-height-default elementor-section-height-default\" data-id=\"522624d\" data-element_type=\"section\" data-e-type=\"section\">\n\t\t\t\t\t\t<div class=\"elementor-container elementor-column-gap-default\">\n\t\t\t\t\t<div class=\"elementor-column elementor-col-100 elementor-top-column elementor-element elementor-element-88db73f\" data-id=\"88db73f\" data-element_type=\"column\" data-e-type=\"column\">\n\t\t\t<div class=\"elementor-widget-wrap elementor-element-populated\">\n\t\t\t\t\t\t<div class=\"elementor-element elementor-element-7ef0086 elementor-widget elementor-widget-onair-elementor-post-slider\" data-id=\"7ef0086\" data-element_type=\"widget\" data-e-type=\"widget\" data-widget_type=\"onair-elementor-post-slider.default\">\n\t\t\t\t<div class=\"elementor-widget-container\">\n\t\t\t\t\t\t\t\n\t\t<div class=\"qt-slickslider-container\">\n\t\t\t<div class=\"qt-slickslider qt-invisible qt-animated qt-slickslider-single qt-black-bg\" data-variablewidth=\"true\" data-arrows=\"true\" data-dots=\"true\" data-infinite=\"true\" data-centermode=\"true\" data-pauseonhover=\"true\" data-autoplay=\"true\" data-arrowsmobile=\"false\" data-centermodemobile=\"true\" data-dotsmobile=\"true\" data-variablewidthmobile=\"true\">\n\t\t\t\t\t\t\t\t\t<div class=\"qt-slick-opacity-fx qt-item\">\n\t\t\t\t\t\t<!-- POST HERO ITEM ========================= -->\n<div class=\"qt-part-archive-item qt-part-item-post-hero\">\n\t<div class=\"qt-item-header\">\n\t\t<div class=\"qt-header-top\">\n\t\t\t<div class=\"qt-feedback\">\n\t    \t\t1<i class=\"dripicons-heart\"><\/i>\t    \t<\/div>\n\t    <\/div>\n\t\t<div class=\"qt-header-mid qt-vc\">\n\t\t\t<div class=\"qt-vi\">\n\t\t\t\t<ul class=\"qt-tags\">\n\t\t\t\t\t<li>\n\t\t\t\t\t\t\t\t\t\t\t<\/li>\n\t\t\t\t<\/ul>\n\t\t  \t\t<h2 class=\"qt-title\">\n\t\t\t\t\t<a href=\"https:\/\/romance995.com\/?members=saira-quinones\" class=\"qt-text-shadow qt-ellipsis-2 qt-t\">\n\t\t\t\t\t\tSaira Qui\u00f1ones\t\t\t\t\t<\/a>\n\t\t\t\t<\/h2>\n\t\t\t\t<div class=\"qt-the-content qt-spacer-s small hide-on-med-and-down \">\n\t\t\t\t\t<p class=\"qt-spacer-s qt-text-shadow small qt-ellipsis-2\">\n\t\t\t\t\t\t\t\t\t\t<\/p>\n\t\t\t\t\t<p><a href=\"https:\/\/romance995.com\/?members=saira-quinones\" class=\"qt-btn qt-btn-l qt-btn-primary \"><i class=\"dripicons-align-justify\"><\/i><\/a><\/p>\n\t\t\t\t<\/div>\n\t\t\t<\/div>\n\t\t<\/div>\n\t\t\t        <div class=\"qt-header-bg\" data-bgimage=\"https:\/\/romance995.com\/wp-content\/uploads\/2025\/03\/onair-1024x683.png\">\n\t            <img loading=\"lazy\" decoding=\"async\" width=\"1024\" height=\"683\" src=\"https:\/\/romance995.com\/wp-content\/uploads\/2025\/03\/onair-1024x683.png\" class=\"img-responsive activator wp-post-image\" alt=\"\" srcset=\"https:\/\/romance995.com\/wp-content\/uploads\/2025\/03\/onair-1024x683.png 1024w, https:\/\/romance995.com\/wp-content\/uploads\/2025\/03\/onair-300x200.png 300w, https:\/\/romance995.com\/wp-content\/uploads\/2025\/03\/onair-768x512.png 768w, https:\/\/romance995.com\/wp-content\/uploads\/2025\/03\/onair.png 1500w\" sizes=\"auto, (max-width: 1024px) 100vw, 1024px\" \/>\t        <\/div>\n     \t\t<\/div>\n<\/div>\n<!-- POST HERO ITEM END ========================= -->\n\t\t\t\t\t<\/div>\n\t\t\t\t\t\t\t\t\t\t<div class=\"qt-slick-opacity-fx qt-item\">\n\t\t\t\t\t\t<!-- POST HERO ITEM ========================= -->\n<div class=\"qt-part-archive-item qt-part-item-post-hero\">\n\t<div class=\"qt-item-header\">\n\t\t<div class=\"qt-header-top\">\n\t\t\t<div class=\"qt-feedback\">\n\t    \t\t10<i class=\"dripicons-heart\"><\/i>\t    \t<\/div>\n\t    <\/div>\n\t\t<div class=\"qt-header-mid qt-vc\">\n\t\t\t<div class=\"qt-vi\">\n\t\t\t\t<ul class=\"qt-tags\">\n\t\t\t\t\t<li>\n\t\t\t\t\t\t\t\t\t\t\t<\/li>\n\t\t\t\t<\/ul>\n\t\t  \t\t<h2 class=\"qt-title\">\n\t\t\t\t\t<a href=\"https:\/\/romance995.com\/?members=jackie-gonzalez\" class=\"qt-text-shadow qt-ellipsis-2 qt-t\">\n\t\t\t\t\t\tJackie Gonz\u00e1lez\t\t\t\t\t<\/a>\n\t\t\t\t<\/h2>\n\t\t\t\t<div class=\"qt-the-content qt-spacer-s small hide-on-med-and-down \">\n\t\t\t\t\t<p class=\"qt-spacer-s qt-text-shadow small qt-ellipsis-2\">\n\t\t\t\t\t\t\t\t\t\t<\/p>\n\t\t\t\t\t<p><a href=\"https:\/\/romance995.com\/?members=jackie-gonzalez\" class=\"qt-btn qt-btn-l qt-btn-primary \"><i class=\"dripicons-align-justify\"><\/i><\/a><\/p>\n\t\t\t\t<\/div>\n\t\t\t<\/div>\n\t\t<\/div>\n\t\t\t        <div class=\"qt-header-bg\" data-bgimage=\"https:\/\/romance995.com\/wp-content\/uploads\/2025\/03\/onair-1024x683.png\">\n\t            <img loading=\"lazy\" decoding=\"async\" width=\"1024\" height=\"683\" src=\"https:\/\/romance995.com\/wp-content\/uploads\/2025\/03\/onair-1024x683.png\" class=\"img-responsive activator wp-post-image\" alt=\"\" srcset=\"https:\/\/romance995.com\/wp-content\/uploads\/2025\/03\/onair-1024x683.png 1024w, https:\/\/romance995.com\/wp-content\/uploads\/2025\/03\/onair-300x200.png 300w, https:\/\/romance995.com\/wp-content\/uploads\/2025\/03\/onair-768x512.png 768w, https:\/\/romance995.com\/wp-content\/uploads\/2025\/03\/onair.png 1500w\" sizes=\"auto, (max-width: 1024px) 100vw, 1024px\" \/>\t        <\/div>\n     \t\t<\/div>\n<\/div>\n<!-- POST HERO ITEM END ========================= -->\n\t\t\t\t\t<\/div>\n\t\t\t\t\t\t\t\t\t\t<div class=\"qt-slick-opacity-fx qt-item\">\n\t\t\t\t\t\t<!-- POST HERO ITEM ========================= -->\n<div class=\"qt-part-archive-item qt-part-item-post-hero\">\n\t<div class=\"qt-item-header\">\n\t\t<div class=\"qt-header-top\">\n\t\t\t<div class=\"qt-feedback\">\n\t    \t\t4<i class=\"dripicons-heart\"><\/i>\t    \t<\/div>\n\t    <\/div>\n\t\t<div class=\"qt-header-mid qt-vc\">\n\t\t\t<div class=\"qt-vi\">\n\t\t\t\t<ul class=\"qt-tags\">\n\t\t\t\t\t<li>\n\t\t\t\t\t\t\t\t\t\t\t<\/li>\n\t\t\t\t<\/ul>\n\t\t  \t\t<h2 class=\"qt-title\">\n\t\t\t\t\t<a href=\"https:\/\/romance995.com\/?members=valeria-garcia\" class=\"qt-text-shadow qt-ellipsis-2 qt-t\">\n\t\t\t\t\t\tValer\u00eda Garc\u00eda\t\t\t\t\t<\/a>\n\t\t\t\t<\/h2>\n\t\t\t\t<div class=\"qt-the-content qt-spacer-s small hide-on-med-and-down \">\n\t\t\t\t\t<p class=\"qt-spacer-s qt-text-shadow small qt-ellipsis-2\">\n\t\t\t\t\t\t\t\t\t\t<\/p>\n\t\t\t\t\t<p><a href=\"https:\/\/romance995.com\/?members=valeria-garcia\" class=\"qt-btn qt-btn-l qt-btn-primary \"><i class=\"dripicons-align-justify\"><\/i><\/a><\/p>\n\t\t\t\t<\/div>\n\t\t\t<\/div>\n\t\t<\/div>\n\t\t\t        <div class=\"qt-header-bg\" data-bgimage=\"https:\/\/romance995.com\/wp-content\/uploads\/2025\/03\/onair-1024x683.png\">\n\t            <img loading=\"lazy\" decoding=\"async\" width=\"1024\" height=\"683\" src=\"https:\/\/romance995.com\/wp-content\/uploads\/2025\/03\/onair-1024x683.png\" class=\"img-responsive activator wp-post-image\" alt=\"\" srcset=\"https:\/\/romance995.com\/wp-content\/uploads\/2025\/03\/onair-1024x683.png 1024w, https:\/\/romance995.com\/wp-content\/uploads\/2025\/03\/onair-300x200.png 300w, https:\/\/romance995.com\/wp-content\/uploads\/2025\/03\/onair-768x512.png 768w, https:\/\/romance995.com\/wp-content\/uploads\/2025\/03\/onair.png 1500w\" sizes=\"auto, (max-width: 1024px) 100vw, 1024px\" \/>\t        <\/div>\n     \t\t<\/div>\n<\/div>\n<!-- POST HERO ITEM END ========================= -->\n\t\t\t\t\t<\/div>\n\t\t\t\t\t\t\t\t\t\t<div class=\"qt-slick-opacity-fx qt-item\">\n\t\t\t\t\t\t<!-- POST HERO ITEM ========================= -->\n<div class=\"qt-part-archive-item qt-part-item-post-hero\">\n\t<div class=\"qt-item-header\">\n\t\t<div class=\"qt-header-top\">\n\t\t\t<div class=\"qt-feedback\">\n\t    \t\t3<i class=\"dripicons-heart\"><\/i>\t    \t<\/div>\n\t    <\/div>\n\t\t<div class=\"qt-header-mid qt-vc\">\n\t\t\t<div class=\"qt-vi\">\n\t\t\t\t<ul class=\"qt-tags\">\n\t\t\t\t\t<li>\n\t\t\t\t\t\t\t\t\t\t\t<\/li>\n\t\t\t\t<\/ul>\n\t\t  \t\t<h2 class=\"qt-title\">\n\t\t\t\t\t<a href=\"https:\/\/romance995.com\/?members=ricardo-mejia\" class=\"qt-text-shadow qt-ellipsis-2 qt-t\">\n\t\t\t\t\t\tRicardo Mej\u00eda\t\t\t\t\t<\/a>\n\t\t\t\t<\/h2>\n\t\t\t\t<div class=\"qt-the-content qt-spacer-s small hide-on-med-and-down \">\n\t\t\t\t\t<p class=\"qt-spacer-s qt-text-shadow small qt-ellipsis-2\">\n\t\t\t\t\tDurante m\u00e1s de 18 a\u00f1os, Ricardo Mej\u00eda ha sido mucho m\u00e1s que un locutor; ha sido el compa\u00f1ero fiel que transforma las ma\u00f1anas en una experiencia \u00fanica. Su espacio radial es un refugio donde las emociones fluyen libremente: se puede llorar, re\u00edr, reflexionar y encontrar consuelo. Es un b\u00e1lsamo para los o\u00eddos, una voz que [&hellip;]\t\t\t\t\t<\/p>\n\t\t\t\t\t<p><a href=\"https:\/\/romance995.com\/?members=ricardo-mejia\" class=\"qt-btn qt-btn-l qt-btn-primary \"><i class=\"dripicons-align-justify\"><\/i><\/a><\/p>\n\t\t\t\t<\/div>\n\t\t\t<\/div>\n\t\t<\/div>\n\t\t\t        <div class=\"qt-header-bg\" data-bgimage=\"https:\/\/romance995.com\/wp-content\/uploads\/2025\/03\/onair-1024x683.png\">\n\t            <img loading=\"lazy\" decoding=\"async\" width=\"1024\" height=\"683\" src=\"https:\/\/romance995.com\/wp-content\/uploads\/2025\/03\/onair-1024x683.png\" class=\"img-responsive activator wp-post-image\" alt=\"\" srcset=\"https:\/\/romance995.com\/wp-content\/uploads\/2025\/03\/onair-1024x683.png 1024w, https:\/\/romance995.com\/wp-content\/uploads\/2025\/03\/onair-300x200.png 300w, https:\/\/romance995.com\/wp-content\/uploads\/2025\/03\/onair-768x512.png 768w, https:\/\/romance995.com\/wp-content\/uploads\/2025\/03\/onair.png 1500w\" sizes=\"auto, (max-width: 1024px) 100vw, 1024px\" \/>\t        <\/div>\n     \t\t<\/div>\n<\/div>\n<!-- POST HERO ITEM END ========================= -->\n\t\t\t\t\t<\/div>\n\t\t\t\t\t\t\t\t<\/div>\n\t\t<\/div>\n\t\t\t\t\t\t<\/div>\n\t\t\t\t<\/div>\n\t\t\t\t\t<\/div>\n\t\t<\/div>\n\t\t\t\t\t<\/div>\n\t\t<\/section>\n\t\t\t\t<\/div>\n\t\t","protected":false},"excerpt":{"rendered":"<p>24 Adele Petit I&#8217;m a professional DJ since 1998, graduated at the New England Conservatory\u00a0in Music &amp; Djing. \u00a0It two doesn&#8217;t, herb, have open subdue were. Land fowl they&#8217;re winged forth Signs moved give moved were after Us life a said darkness beginning appear you&#8217;ll and. Divided in bearing together forth also lesser fifth him [&hellip;]<\/p>\n","protected":false},"author":2,"featured_media":0,"parent":0,"menu_order":0,"comment_status":"open","ping_status":"closed","template":"archive-members.php","meta":{"footnotes":""},"class_list":["post-2437","page","type-page","status-publish","hentry"],"_links":{"self":[{"href":"https:\/\/romance995.com\/index.php?rest_route=\/wp\/v2\/pages\/2437","targetHints":{"allow":["GET"]}}],"collection":[{"href":"https:\/\/romance995.com\/index.php?rest_route=\/wp\/v2\/pages"}],"about":[{"href":"https:\/\/romance995.com\/index.php?rest_route=\/wp\/v2\/types\/page"}],"author":[{"embeddable":true,"href":"https:\/\/romance995.com\/index.php?rest_route=\/wp\/v2\/users\/2"}],"replies":[{"embeddable":true,"href":"https:\/\/romance995.com\/index.php?rest_route=%2Fwp%2Fv2%2Fcomments&post=2437"}],"version-history":[{"count":1,"href":"https:\/\/romance995.com\/index.php?rest_route=\/wp\/v2\/pages\/2437\/revisions"}],"predecessor-version":[{"id":3980,"href":"https:\/\/romance995.com\/index.php?rest_route=\/wp\/v2\/pages\/2437\/revisions\/3980"}],"wp:attachment":[{"href":"https:\/\/romance995.com\/index.php?rest_route=%2Fwp%2Fv2%2Fmedia&parent=2437"}],"curies":[{"name":"wp","href":"https:\/\/api.w.org\/{rel}","templated":true}]}}